pose 2*t - t - 10 = 0. Let h be t + (2 - 3) + 14/(-7). What is k(h)?
7
Let k(g) = 14*g - 3. Let v be (20 - (2 + 28)) + (8 - -1). Determine k(v).
-17
Let a(j) be the first derivative of 2*j**3/3 - j**2/2 + j + 1. Let q be (1135/10 + -3)*4. Let k = -440 + q. Calculate a(k).
7
Suppose 10*s = 6 - 46. Let t(f) = -5*f**2 - 5*f - 3. Calculate t(s).
-63
Let x(w) = -5*w + 191. Let f be ((-96)/(-40))/12*-39*(-10)/2. What is x(f)?
-4
Let r = -218 - -214. Let z(g) = 2*g**3 + 5*g**2 + g + 15. What is z(r)?
-37
Suppose 0 = 18*m + 39*m - 21*m - 936. Let n(p) = -2*p**3 + 51*p**2 + 26*p + 4. Determine n(m).
4
Suppose 3*d - 5*g + 4 = 0, g = -3 + 5. Suppose -4 = 2*r, -2*f - r = d*f - 10. Let p(c) = -3*c + 3. Calculate p(f).
-6
Let w(k) = -k**2 - 12*k - 15. Let c be (-1)/6 + (6 - 2015/(-30)). Suppose 273 = -20*x + c. Determine w(x).
5
Let u(g) = 424*g - 370 - 877*g + 433*g. What is u(-19)?
10
Let d(i) be the second derivative of -5/2*i**2 + 3/2*i**3 - 3*i + 3 + 1/12*i**4. Determine d(-9).
-5
Let v be (-90)/105*21/6. Let h(x) = 14*x + 14. Let a(d) = 74*d + 70. Let j(o) = v*a(o) + 16*h(o). Determine j(-9).
-4
Let l(q) be the third derivative of -q**5/60 - 3*q**4/8 + 5*q**3/3 - q**2. Let y be 24*(-3)/(-12) + 10 + -26. Calculate l(y).
0
Let s(y) = -65*y + 764. Let r(z) = 9*z - 109. Let o(j) = -15*r(j) - 2*s(j). Give o(20).
7
Let k(g) be the third derivative of -g**5/30 - 11*g**4/24 - 2*g**3 - 4830*g**2. What is k(-6)?
-18
Let u(h) = -18*h + 258. Suppose 6*i = -11 + 4 + 97. Calculate u(i).
-12
Let t(f) be the first derivative of -1 + 7/3*f**3 + 5*f + 4*f**2 - 1/4*f**4. Let l(c) = c**3 - 20*c**2 - 28*c + 155. Let j be l(21). Calculate t(j).
5
Suppose -3*o - 33 = 3*i, -240*i = -4*o - 239*i - 34. Let c(f) = -f**2 - 9*f - 34. Give c(o).
-34
Let n(c) = 2*c**3 - 2*c**2 + c + 2. Suppose 0 = -3*p - 3*f + 6*f - 3, 0 = 4*p - 5*f + 9. Suppose p*m + 13 - 21 = 0. What is n(m)?
12
Let l(y) = 6*y + 61. Let a(g) = 6*g + 25. Let w(k) = 20*k + 77. Let v(p) = -7*a(p) + 2*w(p). Let c(b) = -6*l(b) - 17*v(b). Give c(-2).
-5
Let c(i) = 24*i - 27*i + 109 + i**2 - 5*i + 32*i. What is c(-6)?
1
Let q be (-2021)/(-86) + 6/(-4). Let o(a) = a**2 - 20*a - 52. Calculate o(q).
-8
Let w = 249 + -234. Suppose -w*c + 10*c = 15. Let t(l) = -4*l - 2. What is t(c)?
10
Let t = -9/2540 - -34/635. Let b(p) be the second derivative of -6*p + 2/3*p**4 + 0 + 5/6*p**3 + t*p**5 + 3*p**2. Determine b(-7).
20
Let o be (-20)/(-8)*4/2. Let w = o + -7. Let f(i) = 297*i - 84*i + i**2 - 110*i - 101*i. What is f(w)?
0
Let c(v) be the second derivative of 1/12*v**4 + 7/6*v**3 - 3/2*v**2 + 0 + 141*v. Calculate c(-9).
15
Let b(v) = -3*v**3 - 91*v**2 - 30*v + 4. Suppose 7349*c - 4260 = 7491*c. Give b(c).
4
Let t(o) = -o**3 - o**2 + 9*o + 1. Suppose 5*j - 11 = 4*v, 5*v + 3*j + 23 + 0 = 0. Give t(v).
13
Let x(d) be the second derivative of d**6/120 - d**5/20 + d**4/12 - d**3/6 + 65*d**2/2 - 3*d - 5. Let m(r) be the first derivative of x(r). Determine m(1).
-1
Let g(i) = -10 + 24*i + 2 - 3*i**2 + 2*i**2 - 12 - 43*i. Let c be -1 + -17*3/3. What is g(c)?
-2
Let c(r) = -r**3 - 20*r**2 - 20*r + 1. Suppose -v = -3*h + 10, 175*v - 50 = 177*v + 4*h. Give c(v).
20
Let y(m) be the second derivative of m**4/12 + 5*m**3/3 - 9*m**2 + 459*m. Determine y(-9).
-27
Let l(y) = y - 18. Let z(w) = -w - 14. Let v(m) = m - 2. Let s(d) = 3*v(d) + z(d). Let h(p) = -3*l(p) + 2*s(p). Give h(-11).
3
Let d be ((-48)/56)/6*-21. Suppose -11*x + 8*x + d = 0. Let q(s) = 16*s. Give q(x).
16
Let w(o) be the first derivative of 1/3*o**3 - o + 20 - o**2. Let p(z) = 2*z**2 - 4*z - 3. Let k(a) = 2*p(a) - 5*w(a). What is k(5)?
-16
Let u(y) = y**2 + 6*y + 5. Suppose 0 = 5*s - 25, -26*f - 4*s = -21*f - 5. Give u(f).
-4
Let h(v) = v**3 - 6*v**2 + 7*v + 4. Let c be h(4). Let x(n) = 3*n - 11 + 25 + c*n - 13. Suppose u + 1 = p, 0*p - 5 = 5*u - 2*p. Give x(u).
-2
Let a(t) = t**2 + 3. Let l(c) = -c**2 + c - 3. Let y(d) = -5*a(d) - 6*l(d). Let z be (-20)/(-12) + 208/39. Determine y(z).
10
Let s = 102 - -128. Let d = s - 234. Let u(x) = -x**2 - 2*x - 6. Calculate u(d).
-14
Suppose -441 + 183 = 101*b + 146. Let a(j) be the third derivative of -j**4/4 - j**3/6 - j**2. Determine a(b).
23
Let z be ((-12)/15)/((-4)/10). Let m(c) = 49*c - c**z - 1 - 99*c + 49*c + 2. Calculate m(1).
-1
Let s(b) = 13*b + b**2 - 15 - 21*b - 2*b**2 + 17. Suppose -3*i - 4*d = 2, -3*d + 8*d - 20 = 0. Give s(i).
14
Let u(a) = 14*a + 14. Let s be u(3). Suppose -4*m = 4*i - s, m - 5 = -0*m. Let b(g) = -4*g**2 + 12 + 5*g**2 - 8*g - 3*g. What is b(i)?
-6
Let b(s) be the third derivative of s**6/60 + 11*s**5/60 - 5*s**4/24 - s**3/6 + 180*s**2 + 2. Determine b(-6).
-7
Let z(x) = -186449*x**2 - 3 + 372897*x**2 - 186441*x**2. Calculate z(1).
4
Let f(o) be the third derivative of 7*o**4/24 + o**3/6 + 5*o**2 + 75. Give f(9).
64
Let j = -98 + 107. Let b(d) be the third derivative of -d**4/24 + d**3/3 - 11*d**2 - 2*d. Give b(j).
-7
Let j(c) = -2*c**2 - c + 14. Suppose 0 = -1138*h + 1172*h. Determine j(h).
14
Let q(s) = 3*s**2 - 906*s + 90. Let y(o) = -2*o**2 + 762*o - 90. Let c(z) = 5*q(z) + 6*y(z). What is c(-16)?
6
Let i(z) = -4*z - 10. Let n be ((-20)/6 - -4)*-6. What is i(n)?
6
Suppose 23 = 3*k + 18*h - 13*h, 2*k - 6 = -h. Let n be 4/10*k*15. Let d(a) = -3*a + 15. Determine d(n).
-3
Let w(q) = -q**2 + 6*q + 1. Let s(c) = -43*c + 1984. Let p be s(46). What is w(p)?
1
Let t(j) be the third derivative of j**6/120 - 7*j**5/30 + 2*j**4/3 - 7*j**3 + 139*j**2 - 4. What is t(13)?
-3
Let u(j) = 2*j**2 + 12*j - 12. Let p be u(-6). Let n(d) = -5 - 94*d + 82*d + 11*d. Determine n(p).
7
Suppose 6*i - 10 = 3*s + 11*i, 40 = 5*s - 3*i. Let y(r) = r**3 - 6*r**2 + 26 - 17 + 0*r**3 + 4*r. What is y(s)?
4
Suppose -5*r = -14625*p + 14621*p - 50, -4*p = 3*r - 30. Let u(f) = 7*f + 3. Let v(c) = -11*c - 4. Let n(s) = 8*u(s) + 5*v(s). Give n(p).
4
Let f(a) = -4*a**3 + 199*a**2 - 14*a - 4. Let d(w) = -2*w**3 + 107*w**2 - 7*w - 2. Let g(t) = 11*d(t) - 6*f(t). Determine g(8).
-6
Let w(n) = -n**3 - n - 4*n**3 + 6*n**3. Let m(b) = -4*b**3 + 4*b**2 + 8*b + 2. Suppose 52*u - 7*u = -135. Let z(s) = u*w(s) - m(s). Give z(5).
-2
Let i be (-10)/6*(-27)/45*-3. Let r(m) = -2*m**3 + m**2 - 7*m - 9. Let n(y) = 5*y**3 - y**2 + 13*y + 18. Let q(l) = i*n(l) - 7*r(l). Determine q(-6).
21
Let j(u) = u**2 - 3*u - 32. Let v = -2552 + 2547. What is j(v)?
8
Let k(b) = -1. Let n(t) = -t + 2. Let d(c) = 5*k(c) - n(c). Let j = 56 - 41. Let v be (1 - (-72)/j) + 17/85. What is d(v)?
-1
Let v(w) = 7 - 37274*w**2 + 37284*w**2 + w - 7*w. Calculate v(2).
35
Suppose 251*b - 490 = 321*b. Let q(p) = -15*p - 101. Calculate q(b).
4
Suppose -4*h = -5*u + 22, 5*h - 6*u + 3*u + 21 = 0. Let d(j) be the second derivative of -1/20*j**5 + 3/2*j**2 - 16*j - 1/6*j**4 - 1 + 0*j**3. Determine d(h).
12
Let z(b) = 3*b**2 - 6*b - 39. Let n(g) = -5*g**2 + 7*g + 52. Let r(l) = -3*n(l) - 4*z(l). Suppose 4*i - 24 = -4. Let o = i + -7. What is r(o)?
6
Let u(g) = g**2 + 26*g - 5. Let r be (-65)/(-20)*-3*(-224)/(-84). Give u(r).
-5
Let l(g) be the third derivative of -g**4/12 + g**3 + 2*g**2. Let h be (44/(-12) + 4)/(1/(-21)). Let d be (-7)/2*1/(h/12). Determine l(d).
-6
Suppose -570*g = -602*g - 192. Let t(k) = -k**2 - 2*k - 9. Calculate t(g).
-33
Suppose -5*r = 19*x - 15*x - 73, 3*x = -3*r + 57. Let w(j) = j**2 - 21*j - 30. Determine w(x).
-8
Suppose 3*q - 2 = 4*z + 53, 5*q + z - 107 = 0. Let v(h) = q - 7 - 16 + h. Let t(u) = 2*u - 10. Let p be t(8). Calculate v(p).
4
Let l(g) be the third derivative of -g**6/120 - 7*g**5/20 - 53*g**4/24 + 29*g**3/6 - 58*g**2 + 2*g - 9. Calculate l(-18).
11
Let i(g) = g - 10. Let r(h) = 5*h - 41. Let d(s) = 9*i(s) - 2*r(s). Let x be -2 + 120/65 - (-56)/26. Let b be -2 - (20/(10/x))/(-2). Calculate d(b).
-8
Let d(i) = -8*i - 5. Let l(o) = -70*o - 28. Let k(q) = 8*d(q) - l(q). Calculate k(-4).
-36
Let s = 54 - 52. Suppose 0 = 2*i - 0*i - 3*q - 8, -s*i + 4 = -2*q. Let b(y) be the second derivative of y**5/20 + y**4/6 + y**3/6 + y**2/2 + 19*y. What is b(i)?
-1
Suppose -i = -5*u - 18, 12 - 2 = -2*u - i. Let c(d) be the first derivative of 2*d**3/3 + 2*d**2 - d - 12183. Give c(u).
15
Let k(q) = q**2 - 17*q + 66. Let g = 3127 - 3116. What is k(g)?
0
Let u(j) = -46*j - 52*j + 189*j + 24 - 43*j - 47*j. Calculate u(-10).
14
Let v(f) be the second derivative of 1/20